{"id":22948,"date":"2022-01-03T15:44:12","date_gmt":"2022-01-03T18:44:12","guid":{"rendered":"http:\/\/floresdoaterrodoflamengo.com.br\/?page_id=22948"},"modified":"2022-04-14T18:24:02","modified_gmt":"2022-04-14T21:24:02","slug":"flores-em-novembro-em-brasilia","status":"publish","type":"page","link":"https:\/\/floresdoaterrodoflamengo.com.br\/?page_id=22948","title":{"rendered":"Flores em novembro em Bras\u00edlia"},"content":{"rendered":"\t\t<div data-elementor-type=\"wp-page\" data-elementor-id=\"22948\" class=\"elementor elementor-22948\">\n\t\t\t\t\t\t<section class=\"elementor-section elementor-top-section elementor-element elementor-element-cc6e9b8 elementor-section-boxed elementor-section-height-default elementor-section-height-default\" data-id=\"cc6e9b8\" data-element_type=\"section\" data-e-type=\"section\">\n\t\t\t\t\t\t<div class=\"elementor-container elementor-column-gap-default\">\n\t\t\t\t\t<div class=\"elementor-column elementor-col-100 elementor-top-column elementor-element elementor-element-0ffcb43\" data-id=\"0ffcb43\" data-element_type=\"column\" data-e-type=\"column\">\n\t\t\t<div class=\"elementor-widget-wrap elementor-element-populated\">\n\t\t\t\t\t\t<div class=\"elementor-element elementor-element-7d884c6 elementor-drop-cap-yes elementor-drop-cap-view-default elementor-widget elementor-widget-text-editor\" data-id=\"7d884c6\" data-element_type=\"widget\" data-e-type=\"widget\" data-settings=\"{&quot;drop_cap&quot;:&quot;yes&quot;}\" data-widget_type=\"text-editor.default\">\n\t\t\t\t<div class=\"elementor-widget-container\">\n\t\t\t\t\t\t\t\t\t<p>Novembro \u00e9 chuvoso em Bras\u00edlia, em cujas ruas e parques pode-se encontrar grande variedade de plantas.<\/p><p><img fetchpriority=\"high\" decoding=\"async\" class=\"alignnone size-full wp-image-22950\" src=\"http:\/\/floresdoaterrodoflamengo.com.br\/wp-content\/uploads\/2022\/01\/mediasmensaissecaBSB.png\" alt=\"Gr\u00e1fico da Umidade relativa\" width=\"1653\" height=\"1140\" srcset=\"https:\/\/floresdoaterrodoflamengo.com.br\/wp-content\/uploads\/2022\/01\/mediasmensaissecaBSB.png 1653w, https:\/\/floresdoaterrodoflamengo.com.br\/wp-content\/uploads\/2022\/01\/mediasmensaissecaBSB-300x207.png 300w, https:\/\/floresdoaterrodoflamengo.com.br\/wp-content\/uploads\/2022\/01\/mediasmensaissecaBSB-1024x706.png 1024w, https:\/\/floresdoaterrodoflamengo.com.br\/wp-content\/uploads\/2022\/01\/mediasmensaissecaBSB-768x530.png 768w, https:\/\/floresdoaterrodoflamengo.com.br\/wp-content\/uploads\/2022\/01\/mediasmensaissecaBSB-1536x1059.png 1536w\" sizes=\"(max-width: 1653px) 100vw, 1653px\" \/><\/p><p>Apesar de ser ver\u00e3o as temperaturas m\u00e9dias s\u00e3o agrad\u00e1veis, menores que nos dois meses anteriores.<\/p><figure id=\"attachment_22998\" aria-describedby=\"caption-attachment-22998\" style=\"width: 889px\" class=\"wp-caption aligncenter\"><img decoding=\"async\" class=\"size-full wp-image-22998\" src=\"http:\/\/floresdoaterrodoflamengo.com.br\/wp-content\/uploads\/2022\/01\/Imagem11.jpg\" alt=\"Temperaturas m\u00e9dias mensais em Bras\u00edlia\" width=\"889\" height=\"608\" srcset=\"https:\/\/floresdoaterrodoflamengo.com.br\/wp-content\/uploads\/2022\/01\/Imagem11.jpg 889w, https:\/\/floresdoaterrodoflamengo.com.br\/wp-content\/uploads\/2022\/01\/Imagem11-300x205.jpg 300w, https:\/\/floresdoaterrodoflamengo.com.br\/wp-content\/uploads\/2022\/01\/Imagem11-768x525.jpg 768w\" sizes=\"(max-width: 889px) 100vw, 889px\" \/><figcaption id=\"caption-attachment-22998\" class=\"wp-caption-text\">Temperaturas m\u00e9dias mensais em Bras\u00edlia<\/figcaption><\/figure><p>A temperatura m\u00e9dia em novembro praticamente coincide com a m\u00e9dia anual.<\/p><p>O v\u00eddeo abaixo mostra um cen\u00e1rio de fundo verde, completamente diferente das observadas em agosto e setembro.<\/p>\t\t\t\t\t\t\t\t<\/div>\n\t\t\t\t<\/div>\n\t\t\t\t\t<\/div>\n\t\t<\/div>\n\t\t\t\t\t<\/div>\n\t\t<\/section>\n\t\t\t\t<section class=\"elementor-section elementor-top-section elementor-element elementor-element-d92e248 elementor-section-boxed elementor-section-height-default elementor-section-height-default\" data-id=\"d92e248\" data-element_type=\"section\" data-e-type=\"section\">\n\t\t\t\t\t\t<div class=\"elementor-container elementor-column-gap-default\">\n\t\t\t\t\t<div class=\"elementor-column elementor-col-100 elementor-top-column elementor-element elementor-element-b81edbf\" data-id=\"b81edbf\" data-element_type=\"column\" data-e-type=\"column\">\n\t\t\t<div class=\"elementor-widget-wrap elementor-element-populated\">\n\t\t\t\t\t\t<div class=\"elementor-element elementor-element-e10926e elementor-widget elementor-widget-video\" data-id=\"e10926e\" data-element_type=\"widget\" data-e-type=\"widget\" data-settings=\"{&quot;youtube_url&quot;:&quot;https:\\\/\\\/youtu.be\\\/-9giFVQIuXg&quot;,&quot;video_type&quot;:&quot;youtube&quot;,&quot;controls&quot;:&quot;yes&quot;}\" data-widget_type=\"video.default\">\n\t\t\t\t<div class=\"elementor-widget-container\">\n\t\t\t\t\t\t\t<div class=\"elementor-wrapper elementor-open-inline\">\n\t\t\t<div class=\"elementor-video\"><\/div>\t\t<\/div>\n\t\t\t\t\t\t<\/div>\n\t\t\t\t<\/div>\n\t\t\t\t\t<\/div>\n\t\t<\/div>\n\t\t\t\t\t<\/div>\n\t\t<\/section>\n\t\t\t\t<\/div>\n\t\t","protected":false},"excerpt":{"rendered":"<p>Novembro \u00e9 chuvoso em Bras\u00edlia, em cujas ruas e parques pode-se encontrar grande variedade de plantas. Apesar de ser ver\u00e3o as temperaturas m\u00e9dias s\u00e3o agrad\u00e1veis, menores que nos dois meses anteriores. A temperatura m\u00e9dia em novembro praticamente coincide com a<\/p>\n","protected":false},"author":1,"featured_media":0,"parent":2,"menu_order":1,"comment_status":"closed","ping_status":"closed","template":"","meta":{"footnotes":""},"class_list":["post-22948","page","type-page","status-publish","hentry"],"_links":{"self":[{"href":"https:\/\/floresdoaterrodoflamengo.com.br\/index.php?rest_route=\/wp\/v2\/pages\/22948","targetHints":{"allow":["GET"]}}],"collection":[{"href":"https:\/\/floresdoaterrodoflamengo.com.br\/index.php?rest_route=\/wp\/v2\/pages"}],"about":[{"href":"https:\/\/floresdoaterrodoflamengo.com.br\/index.php?rest_route=\/wp\/v2\/types\/page"}],"author":[{"embeddable":true,"href":"https:\/\/floresdoaterrodoflamengo.com.br\/index.php?rest_route=\/wp\/v2\/users\/1"}],"replies":[{"embeddable":true,"href":"https:\/\/floresdoaterrodoflamengo.com.br\/index.php?rest_route=%2Fwp%2Fv2%2Fcomments&post=22948"}],"version-history":[{"count":26,"href":"https:\/\/floresdoaterrodoflamengo.com.br\/index.php?rest_route=\/wp\/v2\/pages\/22948\/revisions"}],"predecessor-version":[{"id":39280,"href":"https:\/\/floresdoaterrodoflamengo.com.br\/index.php?rest_route=\/wp\/v2\/pages\/22948\/revisions\/39280"}],"up":[{"embeddable":true,"href":"https:\/\/floresdoaterrodoflamengo.com.br\/index.php?rest_route=\/wp\/v2\/pages\/2"}],"wp:attachment":[{"href":"https:\/\/floresdoaterrodoflamengo.com.br\/index.php?rest_route=%2Fwp%2Fv2%2Fmedia&parent=22948"}],"curies":[{"name":"wp","href":"https:\/\/api.w.org\/{rel}","templated":true}]}}